Calculate h(v).
-9
Let p(w) be the first derivative of 1/4*w**4 + 5 + 1/3*w**3 + 0*w**2 + 8*w. What is p(0)?
8
Let y be (-2 - -4)/((-4)/(-6)). Let q(s) = s**3 - 10*s**2 + 12*s + 32. Let n be q(8). Let k(w) = 5 - 7 + 3*w + 1 - 2 + n. Calculate k(y).
6
Let s(t) be the third derivative of -t**6/120 + 13*t**5/60 - t**4/2 - t**3/3 + 6*t**2 + 137*t. Calculate s(11).
108
Let t(y) = -3*y - 4. Let b(c) = -4*c**2 + 20*c + 8. Let i(r) = -9*r**2 + 40*r + 15. Let o(k) = -7*b(k) + 3*i(k). Let q be o(16). Let m = q + 71. Give t(m).
8
Let x(r) = -r**3 - 7*r**2 - 10*r + 14. Let h(i) = -2*i**3 - 14*i**2 - 18*i + 26. Let g(c) = 3*h(c) - 5*x(c). What is g(-7)?
36
Let b(u) be the second derivative of -u**4/12 + u**3/2 + 5*u**2/2 + 2815*u + 2. Suppose 3*a - 14 = -c - 6, 0 = 5*c - 2*a + 28. Determine b(c).
-23
Let s(b) be the second derivative of 3*b**5/10 - b**4/4 - b**3/6 + b**2 - b. Let g be 32/12*(-2)/(-8)*(-7 - -10). Determine s(g).
36
Suppose i + 7 = 2*o, 4 = 3*o + i - 9. Suppose -2*y + 58*q = 62*q + 2, q - 2 = -3*y. Let l(g) = -2*g - y - 1829*g**2 + 1830*g**2 - 3. Calculate l(o).
4
Let m(b) = -15*b**3 + 19*b**2 + 7*b + 57. Let a(u) = 13*u**3 - 18*u**2 - 6*u - 49. Let q(y) = 7*a(y) + 6*m(y). What is q(12)?
-1
Let z(q) = 7*q - 3. Let a(s) = 34*s - 11. Let u(o) = -2*a(o) + 9*z(o). Give u(10).
-55
Let m(y) = -24*y**3 + 4*y**2 + 4*y. Suppose -24*c - 10*c = 18*c + 52. What is m(c)?
24
Let r(s) = s**3 + 18*s**2 - 42*s - 30. Suppose 77*p + 1178 + 749 = 387. Give r(p).
10
Suppose -18*d = -20*d + 6. Let r be (d*(-12)/(-18))/1. Let m(p) = -2*p + 2. Give m(r).
-2
Suppose 249*q - 117*q - 161*q = -290. Let d = -14 + 8. Let x(t) = -t. Let i(u) = -u + 1. Let c(p) = d*x(p) + 7*i(p). Calculate c(q).
-3
Let k = 8108 - 8112. Let y(x) = 2*x**2 + 7*x - 5. Give y(k).
-1
Let y(h) = 2*h**2 + 3*h + 1. Let i = 129 - 81. Suppose -30*b - i = -14*b. Calculate y(b).
10
Let i(l) = l**2 + 9*l + 4. Let w be ((-1)/(-2))/((-2)/160*-2). Let u be (-5 - (-68)/w)/(2/10). Determine i(u).
-4
Let k(b) be the first derivative of b**2/2 - 13*b - 913. What is k(5)?
-8
Suppose -18*b + 11*b + 161 = 0. Let k(z) = -43*z + 29 - b + 44*z. Give k(5).
11
Let k(m) be the second derivative of m**5/20 - 13*m**4/12 + 5*m**3/2 + 25*m**2/2 - 6045*m. Give k(11).
-52
Let s be (38/1)/(4/(-96)*-6). Let q(k) = 10 + s*k**2 - 4*k**3 - k + 3*k**3 - 151*k**2. What is q(0)?
10
Let a(j) = 6*j - 1. Let k(c) = -2*c - 32. Let n be k(-10). Let u be (n/(-5 + -1))/(-1). Determine a(u).
-13
Let f(q) = -3*q**2 + 13*q + 7. Let m = 116 - 342. Let k = 231 + m. Calculate f(k).
-3
Let u(t) = -t**2 + 5. Let s = -40 - -57. Let l(q) = 6*q - 42. Let p be l(s). Suppose -5*r = -40 + p. Determine u(r).
-11
Let v(y) = -y - 10. Let l be (83/415)/(2/1490). Let k = 156 - l. Calculate v(k).
-17
Let u(n) be the first derivative of 3/2*n**2 - 1/3*n**3 - 117 + n. Give u(0).
1
Let r(m) = -m**2 + 9*m + 3. Let i = 96 - 88. Calculate r(i).
11
Suppose -3*f - 6 = n, 9*n - f - 30 = 14*n. Let m(k) = -22*k - 4*k**2 + 6*k**2 - 2 + 14*k - 3*k**2. Give m(n).
10
Let t(j) = -4*j**3 - 1088*j**2 + 46*j + 12507. Let s be t(-272). Let a(w) = 6 + 4*w + 1 + w. Determine a(s).
-18
Suppose -2*m + 3*m = 2*f + 2, 2*m + 20 = -4*f. Let d(x) = -9*x - 6. What is d(f)?
21
Suppose 188*x + 7067 - 8007 = 0. Let c(q) be the first derivative of q**2 + 3*q - 2. Calculate c(x).
13
Let m(v) = -v + 5. Suppose 3*k = 3*r - 63, -24 = k - 0*r - 4*r. Let l be 1*(-1)/(5/k). What is m(l)?
1
Let n(q) = 2*q**3 + 16*q**2 - 21*q - 27. Let c = 28 - 37. Give n(c).
0
Let x(h) = 24*h + 127. Let w be x(-4). Suppose -5*o - 8 = -t - w, 5*t = 2*o. Let u(y) = -3*y**2 - 3*y + 2. What is u(t)?
-16
Let i be -8*2/(-4) - -1. Suppose q + 42 = 4*c, i*c - 35 - 14 = 3*q. Suppose 9*b + 14 = c*b. Let n(a) = 2*a - 9. Calculate n(b).
5
Let i(j) = -j**2 + 2*j - 1. Suppose -5*y = m + 17, -5*m + 2*y + 0*y = 166. Suppose 0 = 3*v + 3*s - 111, 5*v - 169 = 2*s - 5. Let a = m + v. Calculate i(a).
-1
Suppose -3 = p - u, -p + u = 6*u - 3. Let a(h) = -3*h - 4. Calculate a(p).
2
Let f(p) = -2*p + 178 - 2*p - 91 - 7. What is f(18)?
8
Let w(z) = 17*z**3 - 44*z**2 - 58*z - 22. Let f(q) = -5*q**3 + 15*q**2 + 19*q + 7. Let b(r) = -7*f(r) - 2*w(r). Determine b(18).
13
Let k(u) = -u**3 + 6*u**2 + 7*u + 14. Let q(a) = a**2 + a + 2. Let n be (-5 - (4 - 11)) + -8. Let b(i) = n*q(i) + k(i). What is b(2)?
-4
Let w(j) be the second derivative of j**7/2520 + 7*j**6/720 + 41*j**4/3 + 2*j + 26. Let t(x) be the third derivative of w(x). What is t(-7)?
0
Let f be 4/6 + (-28)/6. Let k be (-2 - f) + (-8 - -1). Let n(z) = 48*z - 4*z**2 - 11*z + 5*z - z**3 - 18*z - 18*z + 5. What is n(k)?
0
Let c be 10*(2 - (-2 - -5)). Let f be (-25)/1*12/c. Let r(x) = 1. Let d(y) = y - 6. Let t(n) = f*r(n) + 6*d(n). Give t(4).
18
Let f(t) = -5*t**3 + 3*t + 19*t**2 + t**3 - 18*t**2 - 9*t**3 + 12*t**3. Calculate f(-2).
6
Let u(f) = 5*f**2 + 3*f + 4. Let y(m) = -117*m**2 - 66*m - 83. Let o(x) = 47*u(x) + 2*y(x). Let d(v) = 2*v + 4. Let a be d(-5). Calculate o(a).
4
Let n be (11 + -7 + -160)/(4/10). Let g = n - -384. Let c(r) = r**3 + 5*r**2 - 5*r + 1. Determine c(g).
-5
Let r(s) = -17*s**3 - 256*s**2 + 5*s + 14. Let u(b) = -6*b**3 - 91*b**2 + 2*b + 5. Let g(n) = 5*r(n) - 14*u(n). Suppose 0 = 3*v - 7*v - 20. Give g(v).
-10
Let v be 1836/765*(-5)/(-3). Let a(r) = 23*r - 50. Let o(q) = -8*q + 17. Let z(t) = -3*a(t) - 8*o(t). Give z(v).
-6
Let v(r) be the third derivative of -r**5/60 + r**4/24 + r**3/3 - 15*r**2 - 2*r. Let f = 172 + -175. Give v(f).
-10
Let f(s) = 18*s + 126. Let g(k) = 10*k + 73. Let q(x) = -4*f(x) + 7*g(x). Calculate q(10).
-13
Let j(n) = -n**3 + 3*n**2 + 5*n + 3. Suppose 0 = 5*x - 3*u + 19, -50*u = -52*u + 6. Calculate j(x).
13
Let u(b) = -b**3 + b**2 + 4*b + 1. Suppose 0 = 2*x - 5*x - 6. Let w be u(x). Let j(q) = 2*q + 8 + 10 + 2*q**2 - 11 - q**3 + 2*q**2. What is j(w)?
-8
Suppose -13*w - 16 = -17*w. Let g be 18/(w/(-2)) - (0 - 4). Let q(b) = b**3 + 5*b**2 - b. What is q(g)?
5
Let o(h) = -19*h - 39. Let q be o(-2). Let d(n) = -19*n - 1. Let y(c) = 38*c + 2. Let a(x) = -5*d(x) - 3*y(x). Give a(q).
18
Suppose -1 - 17 = -6*g. Let b be (-3 - -4)/(g + -2). Let l(j) = 3*j**2 - j + 1. Calculate l(b).
3
Let s(n) = -12*n - 73. Let x(p) = 5*p + 35. Let z(f) = -4*s(f) - 9*x(f). Let y = 320 - 312. Calculate z(y).
1
Let u(w) = -15*w**2 + 177*w - 8. Let c be u(11). Let a(b) = 23 - 83*b - 43*b + c*b. Calculate a(10).
3
Let p be 7/28 - (-14)/8. Let k be ((-1)/5 - -2) + p/10. Let t(r) = 10*r**k + 0*r**2 + 6 - 3*r**2 - r - 8*r - r**3. What is t(6)?
-12
Let a(q) = q**3 + 8*q**2 - 5*q + 28. Suppose 58*p + 33 = 54*p - c, -p + 5*c = 24. Calculate a(p).
-8
Let p(y) = -y**2 + 44*y - 345. Suppose 0 = 4*k + 4*a - 3*a - 41, 0 = 2*k + 3*a - 23. Calculate p(k).
-5
Let l(d) be the third derivative of -d**5/60 - 7*d**4/24 + d**3 - 16*d**2. Let x(n) = 61*n - 678. Let y be x(11). Determine l(y).
6
Let b(a) = -11*a - 1. Let q(d) = -d**3 - 10*d**2 - 7*d + 5. Let g be q(-9). Let l(k) = 5*k. Let z = 85 - 91. Let c(y) = g*l(y) + z*b(y). Determine c(5).
11
Let f(p) = -p - 1. Let t(s) = -s**3 - 15*s**2 - 20*s - 7. Let n be t(-14). Suppose n = -3*a + 95. Determine f(a).
-7
Let c(y) = -3*y**2 - 15*y + 16. Let x(l) = -2927*l - 2933*l - 2*l**2 + 5850*l + 11. Suppose o = 5*o - 28. Let j(k) = o*x(k) - 5*c(k). Calculate j(-5).
-3
Let b(u) = -17*u**2 + 16*u**2 - 3 - 5*u - 5*u. Suppose 2*w + 3*l + 29 = 0, 0 = 3*w + 2*l - 7*l - 4. What is b(w)?
18
Let c = -8 - -13. Suppose 0 = -c*y + 16 + 4. Let i(r) be the third derivative of r**4/12 - r**3/3 + r**2. Calculate i(y).
6
Suppose 49 = 2*y + 7. Let l(j) = -9*j**3 + y*j**3 - 7*j**3 + 25 + 2*j**2 - 26. What is l(-2)?
-33
Let s be (-1245)/(-747)*(-6)/(-5). Suppose 0 = -2*o - 0*o + 10. Let z(p) = -2 - 6*p + p + o. Determine z(s).
-7
Let t(r) be the first derivative of -1/2*r**2 + 5*r + 148. Determine t(-3).
8
Let d(v) = -v**3 - 7*v**2 - 6*v - 7. Let b be (36/(-27))/(-5 - 16/(-3)). Let h be (b/12)/((-15)/(-270)). What is d(h)?
-7
Let p(q) = -q - 3*q + 2 - 1. Let j be (-9)/12*-10*(-2)/(-3). Let n be 3 + (j/(-10) - -1)*-8. Give p(n).
5
Let j(u) = u**2 + 5*u + 7. Suppose 2650 - 2650 = -102*m. Give j(m).
7
Let o(g) = 14*g - 36*g**2 + 79*g**2 - 1 - 45*g**2. Let s(i) = i**2 - 11*i + 2. Let n(z) = 2*o(z) + 3*s(z). Calculate n(-3).
10
Let k(c) = -c + 28. Let y(j) = j**3 +